{"id":5312,"date":"2026-02-15T02:03:03","date_gmt":"2026-02-15T01:03:03","guid":{"rendered":"https:\/\/second2chance.de\/?product=profim-lounge-chair-drehbarer-loungesessel"},"modified":"2026-03-10T00:27:00","modified_gmt":"2026-03-09T23:27:00","slug":"profim-lounge-chair-drehbarer-loungesessel","status":"publish","type":"product","link":"https:\/\/second2chance.de\/?product=profim-lounge-chair-drehbarer-loungesessel","title":{"rendered":"Profim Lounge Chair drehbarer Loungesessel"},"content":{"rendered":"<p style=\"font-size:15px;line-height:1.7;margin-bottom:20px;color:#333\">Hochwertiger Lounge Chair des Herstellers Profim f\u00fcr repr\u00e4sentative Lounge- und Wartebereiche<\/p>\n<div style=\"background:#f8f9fa;padding:20px;border-radius:8px;margin:20px 0\">\n<h3 style=\"font-size:16px;font-weight:600;margin:0 0 15px 0;color:#1a1a1a\">Eigenschaften<\/h3>\n<ul style=\"margin:0;padding:0\">\n<li style=\"padding:8px 0;border-bottom:1px solid #e9ecef\"><span style=\"color:#555\">Geeignet f\u00fcr Empfangszonen, Besprechungsbereiche oder informelle Meetingr\u00e4ume<\/span><\/li>\n<li style=\"padding:8px 0;border-bottom:1px solid #e9ecef\"><span style=\"color:#555\">Drehbarer Loungesessel mit komfortabler Sitzschale<\/span><\/li>\n<li style=\"padding:8px 0;border-bottom:1px solid #e9ecef\"><span style=\"color:#555\">Schwarzer Kreuzfu\u00df<\/span><\/li>\n<li style=\"padding:8px 0;border-bottom:1px solid #e9ecef\"><span style=\"color:#555\">Sitzschale in petrolblauer Ausf\u00fchrung<\/span><\/li>\n<li style=\"padding:8px 0;border-bottom:1px solid #e9ecef\"><span style=\"color:#555\">Gebrauchtm\u00f6bel in gutem, gepflegtem Zustand<\/span><\/li>\n<li style=\"padding:8px 0;border-bottom:1px solid #e9ecef\"><span style=\"color:#555\">\ufffd langlebige Designl\u00f6sung mit nachhaltigem Mehrwert<\/span><\/li>\n<\/ul>\n<\/div>\n<div style=\"background:#e8f4f8;padding:15px;border-left:4px solid #2271b1;margin-top:20px;border-radius:4px\">\n<p style=\"margin:0;font-size:14px;color:#555\">\u2705 <strong>Zustand:<\/strong>  Gebrauchtes Produkt aus professionellem Einsatz, gepr\u00fcft und funktionsf\u00e4hig.<\/p>\n<\/div>\n","protected":false},"excerpt":{"rendered":"<p>Hochwertiger Lounge Chair des Herstellers Profim f\u00fcr repr\u00e4sentative Lounge- und Wartebereiche Eigenschaften Geeignet f\u00fcr Empfangszonen, Besprechungsbereiche oder informelle Meetingr\u00e4ume Drehbarer Loungesessel mit komfortabler Sitzschale Schwarzer Kreuzfu\u00df Sitzschale in petrolblauer Ausf\u00fchrung Gebrauchtm\u00f6bel in gutem, gepflegtem Zustand \ufffd langlebige Designl\u00f6sung mit nachhaltigem [&hellip;]<\/p>\n","protected":false},"featured_media":6824,"comment_status":"open","ping_status":"closed","template":"","meta":[],"product_brand":[],"product_cat":[125,153],"product_tag":[],"class_list":{"0":"post-5312","1":"product","2":"type-product","3":"status-publish","4":"has-post-thumbnail","6":"product_cat-lounge-und-empfang","7":"product_cat-lounge-empfangsstuehle","9":"first","10":"instock","11":"shipping-taxable","12":"product-type-simple"},"yoast_head":"<!-- This site is optimized with the Yoast SEO plugin v27.3 - https:\/\/yoast.com\/product\/yoast-seo-wordpress\/ -->\n<title>Profim Lounge Chair drehbarer Loungesessel - Second Chance<\/title>\n<meta name=\"robots\" content=\"index, follow, max-snippet:-1, max-image-preview:large, max-video-preview:-1\" \/>\n<link rel=\"canonical\" href=\"https:\/\/second2chance.de\/?product=profim-lounge-chair-drehbarer-loungesessel\" \/>\n<meta property=\"og:locale\" content=\"de_DE\" \/>\n<meta property=\"og:type\" content=\"article\" \/>\n<meta property=\"og:title\" content=\"Profim Lounge Chair drehbarer Loungesessel - Second Chance\" \/>\n<meta property=\"og:description\" content=\"Hochwertiger Lounge Chair des Herstellers Profim f\u00fcr repr\u00e4sentative Lounge- und Wartebereiche Eigenschaften Geeignet f\u00fcr Empfangszonen, Besprechungsbereiche oder informelle Meetingr\u00e4ume Drehbarer Loungesessel mit komfortabler Sitzschale Schwarzer Kreuzfu\u00df Sitzschale in petrolblauer Ausf\u00fchrung Gebrauchtm\u00f6bel in gutem, gepflegtem Zustand \ufffd langlebige Designl\u00f6sung mit nachhaltigem [&hellip;]\" \/>\n<meta property=\"og:url\" content=\"https:\/\/second2chance.de\/?product=profim-lounge-chair-drehbarer-loungesessel\" \/>\n<meta property=\"og:site_name\" content=\"Second Chance\" \/>\n<meta property=\"article:modified_time\" content=\"2026-03-09T23:27:00+00:00\" \/>\n<meta property=\"og:image\" content=\"https:\/\/second2chance.de\/wp-content\/uploads\/2026\/02\/DT-1073_1-2-1024x768.png\" \/>\n\t<meta property=\"og:image:width\" content=\"1024\" \/>\n\t<meta property=\"og:image:height\" content=\"768\" \/>\n\t<meta property=\"og:image:type\" content=\"image\/png\" \/>\n<meta name=\"twitter:card\" content=\"summary_large_image\" \/>\n<script type=\"application\/ld+json\" class=\"yoast-schema-graph\">{\"@context\":\"https:\\\/\\\/schema.org\",\"@graph\":[{\"@type\":\"WebPage\",\"@id\":\"https:\\\/\\\/second2chance.de\\\/?product=profim-lounge-chair-drehbarer-loungesessel\",\"url\":\"https:\\\/\\\/second2chance.de\\\/?product=profim-lounge-chair-drehbarer-loungesessel\",\"name\":\"Profim Lounge Chair drehbarer Loungesessel - Second Chance\",\"isPartOf\":{\"@id\":\"https:\\\/\\\/second2chance.de\\\/#website\"},\"primaryImageOfPage\":{\"@id\":\"https:\\\/\\\/second2chance.de\\\/?product=profim-lounge-chair-drehbarer-loungesessel#primaryimage\"},\"image\":{\"@id\":\"https:\\\/\\\/second2chance.de\\\/?product=profim-lounge-chair-drehbarer-loungesessel#primaryimage\"},\"thumbnailUrl\":\"https:\\\/\\\/second2chance.de\\\/wp-content\\\/uploads\\\/2026\\\/02\\\/DT-1073_1-2.png\",\"datePublished\":\"2026-02-15T01:03:03+00:00\",\"dateModified\":\"2026-03-09T23:27:00+00:00\",\"breadcrumb\":{\"@id\":\"https:\\\/\\\/second2chance.de\\\/?product=profim-lounge-chair-drehbarer-loungesessel#breadcrumb\"},\"inLanguage\":\"de\",\"potentialAction\":[{\"@type\":\"ReadAction\",\"target\":[\"https:\\\/\\\/second2chance.de\\\/?product=profim-lounge-chair-drehbarer-loungesessel\"]}]},{\"@type\":\"ImageObject\",\"inLanguage\":\"de\",\"@id\":\"https:\\\/\\\/second2chance.de\\\/?product=profim-lounge-chair-drehbarer-loungesessel#primaryimage\",\"url\":\"https:\\\/\\\/second2chance.de\\\/wp-content\\\/uploads\\\/2026\\\/02\\\/DT-1073_1-2.png\",\"contentUrl\":\"https:\\\/\\\/second2chance.de\\\/wp-content\\\/uploads\\\/2026\\\/02\\\/DT-1073_1-2.png\",\"width\":2000,\"height\":1500},{\"@type\":\"BreadcrumbList\",\"@id\":\"https:\\\/\\\/second2chance.de\\\/?product=profim-lounge-chair-drehbarer-loungesessel#breadcrumb\",\"itemListElement\":[{\"@type\":\"ListItem\",\"position\":1,\"name\":\"Startseite\",\"item\":\"https:\\\/\\\/second2chance.de\\\/\"},{\"@type\":\"ListItem\",\"position\":2,\"name\":\"Shop\",\"item\":\"https:\\\/\\\/second2chance.de\\\/?page_id=7\"},{\"@type\":\"ListItem\",\"position\":3,\"name\":\"Profim Lounge Chair drehbarer Loungesessel\"}]},{\"@type\":\"WebSite\",\"@id\":\"https:\\\/\\\/second2chance.de\\\/#website\",\"url\":\"https:\\\/\\\/second2chance.de\\\/\",\"name\":\"Second Chance\",\"description\":\"\",\"potentialAction\":[{\"@type\":\"SearchAction\",\"target\":{\"@type\":\"EntryPoint\",\"urlTemplate\":\"https:\\\/\\\/second2chance.de\\\/?s={search_term_string}\"},\"query-input\":{\"@type\":\"PropertyValueSpecification\",\"valueRequired\":true,\"valueName\":\"search_term_string\"}}],\"inLanguage\":\"de\"}]}<\/script>\n<!-- \/ Yoast SEO plugin. -->","yoast_head_json":{"title":"Profim Lounge Chair drehbarer Loungesessel - Second Chance","robots":{"index":"index","follow":"follow","max-snippet":"max-snippet:-1","max-image-preview":"max-image-preview:large","max-video-preview":"max-video-preview:-1"},"canonical":"https:\/\/second2chance.de\/?product=profim-lounge-chair-drehbarer-loungesessel","og_locale":"de_DE","og_type":"article","og_title":"Profim Lounge Chair drehbarer Loungesessel - Second Chance","og_description":"Hochwertiger Lounge Chair des Herstellers Profim f\u00fcr repr\u00e4sentative Lounge- und Wartebereiche Eigenschaften Geeignet f\u00fcr Empfangszonen, Besprechungsbereiche oder informelle Meetingr\u00e4ume Drehbarer Loungesessel mit komfortabler Sitzschale Schwarzer Kreuzfu\u00df Sitzschale in petrolblauer Ausf\u00fchrung Gebrauchtm\u00f6bel in gutem, gepflegtem Zustand \ufffd langlebige Designl\u00f6sung mit nachhaltigem [&hellip;]","og_url":"https:\/\/second2chance.de\/?product=profim-lounge-chair-drehbarer-loungesessel","og_site_name":"Second Chance","article_modified_time":"2026-03-09T23:27:00+00:00","og_image":[{"width":1024,"height":768,"url":"https:\/\/second2chance.de\/wp-content\/uploads\/2026\/02\/DT-1073_1-2-1024x768.png","type":"image\/png"}],"twitter_card":"summary_large_image","schema":{"@context":"https:\/\/schema.org","@graph":[{"@type":"WebPage","@id":"https:\/\/second2chance.de\/?product=profim-lounge-chair-drehbarer-loungesessel","url":"https:\/\/second2chance.de\/?product=profim-lounge-chair-drehbarer-loungesessel","name":"Profim Lounge Chair drehbarer Loungesessel - Second Chance","isPartOf":{"@id":"https:\/\/second2chance.de\/#website"},"primaryImageOfPage":{"@id":"https:\/\/second2chance.de\/?product=profim-lounge-chair-drehbarer-loungesessel#primaryimage"},"image":{"@id":"https:\/\/second2chance.de\/?product=profim-lounge-chair-drehbarer-loungesessel#primaryimage"},"thumbnailUrl":"https:\/\/second2chance.de\/wp-content\/uploads\/2026\/02\/DT-1073_1-2.png","datePublished":"2026-02-15T01:03:03+00:00","dateModified":"2026-03-09T23:27:00+00:00","breadcrumb":{"@id":"https:\/\/second2chance.de\/?product=profim-lounge-chair-drehbarer-loungesessel#breadcrumb"},"inLanguage":"de","potentialAction":[{"@type":"ReadAction","target":["https:\/\/second2chance.de\/?product=profim-lounge-chair-drehbarer-loungesessel"]}]},{"@type":"ImageObject","inLanguage":"de","@id":"https:\/\/second2chance.de\/?product=profim-lounge-chair-drehbarer-loungesessel#primaryimage","url":"https:\/\/second2chance.de\/wp-content\/uploads\/2026\/02\/DT-1073_1-2.png","contentUrl":"https:\/\/second2chance.de\/wp-content\/uploads\/2026\/02\/DT-1073_1-2.png","width":2000,"height":1500},{"@type":"BreadcrumbList","@id":"https:\/\/second2chance.de\/?product=profim-lounge-chair-drehbarer-loungesessel#breadcrumb","itemListElement":[{"@type":"ListItem","position":1,"name":"Startseite","item":"https:\/\/second2chance.de\/"},{"@type":"ListItem","position":2,"name":"Shop","item":"https:\/\/second2chance.de\/?page_id=7"},{"@type":"ListItem","position":3,"name":"Profim Lounge Chair drehbarer Loungesessel"}]},{"@type":"WebSite","@id":"https:\/\/second2chance.de\/#website","url":"https:\/\/second2chance.de\/","name":"Second Chance","description":"","potentialAction":[{"@type":"SearchAction","target":{"@type":"EntryPoint","urlTemplate":"https:\/\/second2chance.de\/?s={search_term_string}"},"query-input":{"@type":"PropertyValueSpecification","valueRequired":true,"valueName":"search_term_string"}}],"inLanguage":"de"}]}},"_links":{"self":[{"href":"https:\/\/second2chance.de\/index.php?rest_route=\/wp\/v2\/product\/5312","targetHints":{"allow":["GET"]}}],"collection":[{"href":"https:\/\/second2chance.de\/index.php?rest_route=\/wp\/v2\/product"}],"about":[{"href":"https:\/\/second2chance.de\/index.php?rest_route=\/wp\/v2\/types\/product"}],"replies":[{"embeddable":true,"href":"https:\/\/second2chance.de\/index.php?rest_route=%2Fwp%2Fv2%2Fcomments&post=5312"}],"wp:featuredmedia":[{"embeddable":true,"href":"https:\/\/second2chance.de\/index.php?rest_route=\/wp\/v2\/media\/6824"}],"wp:attachment":[{"href":"https:\/\/second2chance.de\/index.php?rest_route=%2Fwp%2Fv2%2Fmedia&parent=5312"}],"wp:term":[{"taxonomy":"product_brand","embeddable":true,"href":"https:\/\/second2chance.de\/index.php?rest_route=%2Fwp%2Fv2%2Fproduct_brand&post=5312"},{"taxonomy":"product_cat","embeddable":true,"href":"https:\/\/second2chance.de\/index.php?rest_route=%2Fwp%2Fv2%2Fproduct_cat&post=5312"},{"taxonomy":"product_tag","embeddable":true,"href":"https:\/\/second2chance.de\/index.php?rest_route=%2Fwp%2Fv2%2Fproduct_tag&post=5312"}],"curies":[{"name":"wp","href":"https:\/\/api.w.org\/{rel}","templated":true}]}}