{"id":5243,"date":"2026-02-15T02:02:43","date_gmt":"2026-02-15T01:02:43","guid":{"rendered":"https:\/\/second2chance.de\/?product=nowy-styl-elektrisch-hoehenverstellbarer-schreibtisch-120-x-80-weiss-schwarz"},"modified":"2026-03-10T00:26:40","modified_gmt":"2026-03-09T23:26:40","slug":"nowy-styl-elektrisch-hoehenverstellbarer-schreibtisch-120-x-80-weiss-schwarz","status":"publish","type":"product","link":"https:\/\/second2chance.de\/?product=nowy-styl-elektrisch-hoehenverstellbarer-schreibtisch-120-x-80-weiss-schwarz","title":{"rendered":"Nowy Styl elektrisch h\u00f6henverstellbarer Schreibtisch  120 x 80 Wei\u00df\/Schwarz"},"content":{"rendered":"<p style=\"font-size:15px;line-height:1.7;margin-bottom:20px;color:#333\">Elektrisch h\u00f6henverstellbarer Schreibtisch von Nowy Styl f\u00fcr ergonomische Arbeitspl\u00e4tze in B\u00fcro-, Projekt- und Homeoffice-Umgebungen. Die kompakte Tischgr\u00f6\u00dfe eignet sich ideal f\u00fcr Einzelarbeitspl\u00e4tze und flexible Raumkonzepte. Merkmale: Hersteller Nowy Styl<\/p>\n<div style=\"background:#f8f9fa;padding:20px;border-radius:8px;margin:20px 0\">\n<h3 style=\"font-size:16px;font-weight:600;margin:0 0 15px 0;color:#1a1a1a\">Eigenschaften<\/h3>\n<ul style=\"margin:0;padding:0\">\n<li style=\"padding:8px 0;border-bottom:1px solid #e9ecef\"><span style=\"color:#555\">Elektrische H\u00f6henverstellung<\/span><\/li>\n<li style=\"padding:8px 0;border-bottom:1px solid #e9ecef\"><span style=\"color:#555\">Tischplatte Wei\u00df<\/span><\/li>\n<li style=\"padding:8px 0;border-bottom:1px solid #e9ecef\"><span style=\"color:#555\">Gestellfarbe Schwarz<\/span><\/li>\n<li style=\"padding:8px 0;border-bottom:1px solid #e9ecef\"><span style=\"color:#555\">Rechteckige Arbeitsfl\u00e4che<\/span><\/li>\n<li style=\"padding:8px 0;border-bottom:1px solid #e9ecef\"><span style=\"color:#555\">Stabile Konstruktion f\u00fcr den t\u00e4glichen B\u00fcroeinsatz<\/span><\/li>\n<li style=\"padding:8px 0;border-bottom:1px solid #e9ecef\"><strong style=\"color:#2271b1\">Ma\u00dfe ca. 120 x 80 cm. Zustand:<\/strong> <span style=\"color:#555\">Gebraucht, sehr guter technischer und optischer Zustand, gepr\u00fcft und voll funktionsf\u00e4hig, nachhaltige Alternative zur Neuanschaffung.<\/span><\/li>\n<\/ul>\n<\/div>\n<div style=\"background:#e8f4f8;padding:15px;border-left:4px solid #2271b1;margin-top:20px;border-radius:4px\">\n<p style=\"margin:0;font-size:14px;color:#555\">\u2705 <strong>Zustand:<\/strong>  Gebrauchtes Produkt aus professionellem Einsatz, gepr\u00fcft und funktionsf\u00e4hig.<\/p>\n<\/div>\n","protected":false},"excerpt":{"rendered":"<p>Elektrisch h\u00f6henverstellbarer Schreibtisch von Nowy Styl f\u00fcr ergonomische Arbeitspl\u00e4tze in B\u00fcro-, Projekt- und Homeoffice-Umgebungen. Die kompakte Tischgr\u00f6\u00dfe eignet sich ideal f\u00fcr Einzelarbeitspl\u00e4tze und flexible Raumkonzepte. Merkmale: Hersteller Nowy Styl Eigenschaften Elektrische H\u00f6henverstellung Tischplatte Wei\u00df Gestellfarbe Schwarz Rechteckige Arbeitsfl\u00e4che Stabile Konstruktion [&hellip;]<\/p>\n","protected":false},"featured_media":6396,"comment_status":"open","ping_status":"closed","template":"","meta":[],"product_brand":[],"product_cat":[133,93],"product_tag":[],"class_list":{"0":"post-5243","1":"product","2":"type-product","3":"status-publish","4":"has-post-thumbnail","6":"product_cat-elektrische-schreibtische","7":"product_cat-schreibtische-und-arbeitstiche","9":"first","10":"instock","11":"shipping-taxable","12":"product-type-simple"},"yoast_head":"<!-- This site is optimized with the Yoast SEO plugin v27.3 - https:\/\/yoast.com\/product\/yoast-seo-wordpress\/ -->\n<title>Nowy Styl elektrisch h\u00f6henverstellbarer Schreibtisch 120 x 80 Wei\u00df\/Schwarz - Second Chance<\/title>\n<meta name=\"robots\" content=\"index, follow, max-snippet:-1, max-image-preview:large, max-video-preview:-1\" \/>\n<link rel=\"canonical\" href=\"https:\/\/second2chance.de\/?product=nowy-styl-elektrisch-hoehenverstellbarer-schreibtisch-120-x-80-weiss-schwarz\" \/>\n<meta property=\"og:locale\" content=\"de_DE\" \/>\n<meta property=\"og:type\" content=\"article\" \/>\n<meta property=\"og:title\" content=\"Nowy Styl elektrisch h\u00f6henverstellbarer Schreibtisch 120 x 80 Wei\u00df\/Schwarz - Second Chance\" \/>\n<meta property=\"og:description\" content=\"Elektrisch h\u00f6henverstellbarer Schreibtisch von Nowy Styl f\u00fcr ergonomische Arbeitspl\u00e4tze in B\u00fcro-, Projekt- und Homeoffice-Umgebungen. Die kompakte Tischgr\u00f6\u00dfe eignet sich ideal f\u00fcr Einzelarbeitspl\u00e4tze und flexible Raumkonzepte. Merkmale: Hersteller Nowy Styl Eigenschaften Elektrische H\u00f6henverstellung Tischplatte Wei\u00df Gestellfarbe Schwarz Rechteckige Arbeitsfl\u00e4che Stabile Konstruktion [&hellip;]\" \/>\n<meta property=\"og:url\" content=\"https:\/\/second2chance.de\/?product=nowy-styl-elektrisch-hoehenverstellbarer-schreibtisch-120-x-80-weiss-schwarz\" \/>\n<meta property=\"og:site_name\" content=\"Second Chance\" \/>\n<meta property=\"article:modified_time\" content=\"2026-03-09T23:26:40+00:00\" \/>\n<meta property=\"og:image\" content=\"https:\/\/second2chance.de\/wp-content\/uploads\/2026\/02\/DT-1003_1-1-768x1024.png\" \/>\n\t<meta property=\"og:image:width\" content=\"768\" \/>\n\t<meta property=\"og:image:height\" content=\"1024\" \/>\n\t<meta property=\"og:image:type\" content=\"image\/png\" \/>\n<meta name=\"twitter:card\" content=\"summary_large_image\" \/>\n<script type=\"application\/ld+json\" class=\"yoast-schema-graph\">{\"@context\":\"https:\\\/\\\/schema.org\",\"@graph\":[{\"@type\":\"WebPage\",\"@id\":\"https:\\\/\\\/second2chance.de\\\/?product=nowy-styl-elektrisch-hoehenverstellbarer-schreibtisch-120-x-80-weiss-schwarz\",\"url\":\"https:\\\/\\\/second2chance.de\\\/?product=nowy-styl-elektrisch-hoehenverstellbarer-schreibtisch-120-x-80-weiss-schwarz\",\"name\":\"Nowy Styl elektrisch h\u00f6henverstellbarer Schreibtisch 120 x 80 Wei\u00df\\\/Schwarz - Second Chance\",\"isPartOf\":{\"@id\":\"https:\\\/\\\/second2chance.de\\\/#website\"},\"primaryImageOfPage\":{\"@id\":\"https:\\\/\\\/second2chance.de\\\/?product=nowy-styl-elektrisch-hoehenverstellbarer-schreibtisch-120-x-80-weiss-schwarz#primaryimage\"},\"image\":{\"@id\":\"https:\\\/\\\/second2chance.de\\\/?product=nowy-styl-elektrisch-hoehenverstellbarer-schreibtisch-120-x-80-weiss-schwarz#primaryimage\"},\"thumbnailUrl\":\"https:\\\/\\\/second2chance.de\\\/wp-content\\\/uploads\\\/2026\\\/02\\\/DT-1003_1-1.png\",\"datePublished\":\"2026-02-15T01:02:43+00:00\",\"dateModified\":\"2026-03-09T23:26:40+00:00\",\"breadcrumb\":{\"@id\":\"https:\\\/\\\/second2chance.de\\\/?product=nowy-styl-elektrisch-hoehenverstellbarer-schreibtisch-120-x-80-weiss-schwarz#breadcrumb\"},\"inLanguage\":\"de\",\"potentialAction\":[{\"@type\":\"ReadAction\",\"target\":[\"https:\\\/\\\/second2chance.de\\\/?product=nowy-styl-elektrisch-hoehenverstellbarer-schreibtisch-120-x-80-weiss-schwarz\"]}]},{\"@type\":\"ImageObject\",\"inLanguage\":\"de\",\"@id\":\"https:\\\/\\\/second2chance.de\\\/?product=nowy-styl-elektrisch-hoehenverstellbarer-schreibtisch-120-x-80-weiss-schwarz#primaryimage\",\"url\":\"https:\\\/\\\/second2chance.de\\\/wp-content\\\/uploads\\\/2026\\\/02\\\/DT-1003_1-1.png\",\"contentUrl\":\"https:\\\/\\\/second2chance.de\\\/wp-content\\\/uploads\\\/2026\\\/02\\\/DT-1003_1-1.png\",\"width\":1500,\"height\":2000},{\"@type\":\"BreadcrumbList\",\"@id\":\"https:\\\/\\\/second2chance.de\\\/?product=nowy-styl-elektrisch-hoehenverstellbarer-schreibtisch-120-x-80-weiss-schwarz#breadcrumb\",\"itemListElement\":[{\"@type\":\"ListItem\",\"position\":1,\"name\":\"Startseite\",\"item\":\"https:\\\/\\\/second2chance.de\\\/\"},{\"@type\":\"ListItem\",\"position\":2,\"name\":\"Shop\",\"item\":\"https:\\\/\\\/second2chance.de\\\/?page_id=7\"},{\"@type\":\"ListItem\",\"position\":3,\"name\":\"Nowy Styl elektrisch h\u00f6henverstellbarer Schreibtisch 120 x 80 Wei\u00df\\\/Schwarz\"}]},{\"@type\":\"WebSite\",\"@id\":\"https:\\\/\\\/second2chance.de\\\/#website\",\"url\":\"https:\\\/\\\/second2chance.de\\\/\",\"name\":\"Second Chance\",\"description\":\"\",\"potentialAction\":[{\"@type\":\"SearchAction\",\"target\":{\"@type\":\"EntryPoint\",\"urlTemplate\":\"https:\\\/\\\/second2chance.de\\\/?s={search_term_string}\"},\"query-input\":{\"@type\":\"PropertyValueSpecification\",\"valueRequired\":true,\"valueName\":\"search_term_string\"}}],\"inLanguage\":\"de\"}]}<\/script>\n<!-- \/ Yoast SEO plugin. -->","yoast_head_json":{"title":"Nowy Styl elektrisch h\u00f6henverstellbarer Schreibtisch 120 x 80 Wei\u00df\/Schwarz - Second Chance","robots":{"index":"index","follow":"follow","max-snippet":"max-snippet:-1","max-image-preview":"max-image-preview:large","max-video-preview":"max-video-preview:-1"},"canonical":"https:\/\/second2chance.de\/?product=nowy-styl-elektrisch-hoehenverstellbarer-schreibtisch-120-x-80-weiss-schwarz","og_locale":"de_DE","og_type":"article","og_title":"Nowy Styl elektrisch h\u00f6henverstellbarer Schreibtisch 120 x 80 Wei\u00df\/Schwarz - Second Chance","og_description":"Elektrisch h\u00f6henverstellbarer Schreibtisch von Nowy Styl f\u00fcr ergonomische Arbeitspl\u00e4tze in B\u00fcro-, Projekt- und Homeoffice-Umgebungen. Die kompakte Tischgr\u00f6\u00dfe eignet sich ideal f\u00fcr Einzelarbeitspl\u00e4tze und flexible Raumkonzepte. Merkmale: Hersteller Nowy Styl Eigenschaften Elektrische H\u00f6henverstellung Tischplatte Wei\u00df Gestellfarbe Schwarz Rechteckige Arbeitsfl\u00e4che Stabile Konstruktion [&hellip;]","og_url":"https:\/\/second2chance.de\/?product=nowy-styl-elektrisch-hoehenverstellbarer-schreibtisch-120-x-80-weiss-schwarz","og_site_name":"Second Chance","article_modified_time":"2026-03-09T23:26:40+00:00","og_image":[{"width":768,"height":1024,"url":"https:\/\/second2chance.de\/wp-content\/uploads\/2026\/02\/DT-1003_1-1-768x1024.png","type":"image\/png"}],"twitter_card":"summary_large_image","schema":{"@context":"https:\/\/schema.org","@graph":[{"@type":"WebPage","@id":"https:\/\/second2chance.de\/?product=nowy-styl-elektrisch-hoehenverstellbarer-schreibtisch-120-x-80-weiss-schwarz","url":"https:\/\/second2chance.de\/?product=nowy-styl-elektrisch-hoehenverstellbarer-schreibtisch-120-x-80-weiss-schwarz","name":"Nowy Styl elektrisch h\u00f6henverstellbarer Schreibtisch 120 x 80 Wei\u00df\/Schwarz - Second Chance","isPartOf":{"@id":"https:\/\/second2chance.de\/#website"},"primaryImageOfPage":{"@id":"https:\/\/second2chance.de\/?product=nowy-styl-elektrisch-hoehenverstellbarer-schreibtisch-120-x-80-weiss-schwarz#primaryimage"},"image":{"@id":"https:\/\/second2chance.de\/?product=nowy-styl-elektrisch-hoehenverstellbarer-schreibtisch-120-x-80-weiss-schwarz#primaryimage"},"thumbnailUrl":"https:\/\/second2chance.de\/wp-content\/uploads\/2026\/02\/DT-1003_1-1.png","datePublished":"2026-02-15T01:02:43+00:00","dateModified":"2026-03-09T23:26:40+00:00","breadcrumb":{"@id":"https:\/\/second2chance.de\/?product=nowy-styl-elektrisch-hoehenverstellbarer-schreibtisch-120-x-80-weiss-schwarz#breadcrumb"},"inLanguage":"de","potentialAction":[{"@type":"ReadAction","target":["https:\/\/second2chance.de\/?product=nowy-styl-elektrisch-hoehenverstellbarer-schreibtisch-120-x-80-weiss-schwarz"]}]},{"@type":"ImageObject","inLanguage":"de","@id":"https:\/\/second2chance.de\/?product=nowy-styl-elektrisch-hoehenverstellbarer-schreibtisch-120-x-80-weiss-schwarz#primaryimage","url":"https:\/\/second2chance.de\/wp-content\/uploads\/2026\/02\/DT-1003_1-1.png","contentUrl":"https:\/\/second2chance.de\/wp-content\/uploads\/2026\/02\/DT-1003_1-1.png","width":1500,"height":2000},{"@type":"BreadcrumbList","@id":"https:\/\/second2chance.de\/?product=nowy-styl-elektrisch-hoehenverstellbarer-schreibtisch-120-x-80-weiss-schwarz#breadcrumb","itemListElement":[{"@type":"ListItem","position":1,"name":"Startseite","item":"https:\/\/second2chance.de\/"},{"@type":"ListItem","position":2,"name":"Shop","item":"https:\/\/second2chance.de\/?page_id=7"},{"@type":"ListItem","position":3,"name":"Nowy Styl elektrisch h\u00f6henverstellbarer Schreibtisch 120 x 80 Wei\u00df\/Schwarz"}]},{"@type":"WebSite","@id":"https:\/\/second2chance.de\/#website","url":"https:\/\/second2chance.de\/","name":"Second Chance","description":"","potentialAction":[{"@type":"SearchAction","target":{"@type":"EntryPoint","urlTemplate":"https:\/\/second2chance.de\/?s={search_term_string}"},"query-input":{"@type":"PropertyValueSpecification","valueRequired":true,"valueName":"search_term_string"}}],"inLanguage":"de"}]}},"_links":{"self":[{"href":"https:\/\/second2chance.de\/index.php?rest_route=\/wp\/v2\/product\/5243","targetHints":{"allow":["GET"]}}],"collection":[{"href":"https:\/\/second2chance.de\/index.php?rest_route=\/wp\/v2\/product"}],"about":[{"href":"https:\/\/second2chance.de\/index.php?rest_route=\/wp\/v2\/types\/product"}],"replies":[{"embeddable":true,"href":"https:\/\/second2chance.de\/index.php?rest_route=%2Fwp%2Fv2%2Fcomments&post=5243"}],"wp:featuredmedia":[{"embeddable":true,"href":"https:\/\/second2chance.de\/index.php?rest_route=\/wp\/v2\/media\/6396"}],"wp:attachment":[{"href":"https:\/\/second2chance.de\/index.php?rest_route=%2Fwp%2Fv2%2Fmedia&parent=5243"}],"wp:term":[{"taxonomy":"product_brand","embeddable":true,"href":"https:\/\/second2chance.de\/index.php?rest_route=%2Fwp%2Fv2%2Fproduct_brand&post=5243"},{"taxonomy":"product_cat","embeddable":true,"href":"https:\/\/second2chance.de\/index.php?rest_route=%2Fwp%2Fv2%2Fproduct_cat&post=5243"},{"taxonomy":"product_tag","embeddable":true,"href":"https:\/\/second2chance.de\/index.php?rest_route=%2Fwp%2Fv2%2Fproduct_tag&post=5243"}],"curies":[{"name":"wp","href":"https:\/\/api.w.org\/{rel}","templated":true}]}}