{"id":8,"date":"2025-04-23T19:41:30","date_gmt":"2025-04-23T17:41:30","guid":{"rendered":"https:\/\/second2chance.de\/warenkorb\/"},"modified":"2025-04-28T06:12:46","modified_gmt":"2025-04-28T04:12:46","slug":"warenkorb","status":"publish","type":"page","link":"https:\/\/second2chance.de\/?page_id=8","title":{"rendered":"Warenkorb"},"content":{"rendered":"\n<div data-block-name=\"woocommerce\/cart\" class=\"wp-block-woocommerce-cart alignwide is-loading\">\n<div data-block-name=\"woocommerce\/filled-cart-block\" class=\"wp-block-woocommerce-filled-cart-block\">\n<div data-block-name=\"woocommerce\/cart-items-block\" class=\"wp-block-woocommerce-cart-items-block\">\n<div data-block-name=\"woocommerce\/cart-line-items-block\" class=\"wp-block-woocommerce-cart-line-items-block\"><\/div>\n\n\n\n<div data-block-name=\"woocommerce\/cart-cross-sells-block\" class=\"wp-block-woocommerce-cart-cross-sells-block\">\n<h2 class=\"wp-block-heading has-large-font-size\">Das interessiert dich vielleicht\u00a0\u2026<\/h2>\n\n\n\n<div data-block-name=\"woocommerce\/cart-cross-sells-products-block\" class=\"wp-block-woocommerce-cart-cross-sells-products-block\"><\/div>\n<\/div>\n<\/div>\n\n\n\n<div data-block-name=\"woocommerce\/cart-totals-block\" class=\"wp-block-woocommerce-cart-totals-block\">\n<div data-block-name=\"woocommerce\/cart-order-summary-block\" class=\"wp-block-woocommerce-cart-order-summary-block\">\n<div data-block-name=\"woocommerce\/cart-order-summary-heading-block\" class=\"wp-block-woocommerce-cart-order-summary-heading-block\"><\/div><div data-block-name=\"woocommerce\/cart-order-summary-coupon-form-block\" class=\"wp-block-woocommerce-cart-order-summary-coupon-form-block\"><\/div><div data-block-name=\"woocommerce\/cart-order-summary-totals-block\" class=\"wp-block-woocommerce-cart-order-summary-totals-block\">\n<div data-block-name=\"woocommerce\/cart-order-summary-subtotal-block\" class=\"wp-block-woocommerce-cart-order-summary-subtotal-block\"><\/div>\n<div data-block-name=\"woocommerce\/cart-order-summary-discount-block\" class=\"wp-block-woocommerce-cart-order-summary-discount-block\"><\/div>\n<div data-block-name=\"woocommerce\/cart-order-summary-fee-block\" class=\"wp-block-woocommerce-cart-order-summary-fee-block\"><\/div>\n<div data-block-name=\"woocommerce\/cart-order-summary-shipping-block\" class=\"wp-block-woocommerce-cart-order-summary-shipping-block\"><\/div>\n<div data-block-name=\"woocommerce\/cart-order-summary-taxes-block\" class=\"wp-block-woocommerce-cart-order-summary-taxes-block\"><\/div><\/div>\n<\/div>\n\n\n\n<div data-block-name=\"woocommerce\/cart-express-payment-block\" class=\"wp-block-woocommerce-cart-express-payment-block\"><\/div>\n\n\n\n<div data-block-name=\"woocommerce\/proceed-to-checkout-block\" class=\"wp-block-woocommerce-proceed-to-checkout-block\"><\/div>\n\n\n\n<div data-block-name=\"woocommerce\/cart-accepted-payment-methods-block\" class=\"wp-block-woocommerce-cart-accepted-payment-methods-block\"><\/div>\n<\/div>\n<\/div>\n\n\n\n<div data-block-name=\"woocommerce\/empty-cart-block\" class=\"wp-block-woocommerce-empty-cart-block\">\n<h2 class=\"wp-block-heading has-text-align-center with-empty-cart-icon wc-block-cart__empty-cart__title\">Dein Warenkorb ist gerade leer!<\/h2>\n\n\n\n<hr class=\"wp-block-separator has-alpha-channel-opacity is-style-dots\"\/>\n\n\n\n<h2 class=\"wp-block-heading has-text-align-center\">Neu im Shop<\/h2>\n\n\n<div data-block-name=\"woocommerce\/product-new\" data-columns=\"4\" data-rows=\"1\" class=\"wc-block-grid wp-block-product-new wp-block-woocommerce-product-new wc-block-product-new has-4-columns\"><ul class=\"wc-block-grid__products\"><li class=\"wc-block-grid__product\">\n\t\t\t\t<a href=\"https:\/\/second2chance.de\/?product=rohde-grahl-elektrisch-hoehenverstellbarer-schreibtisch-160x80-weiss-silber\" class=\"wc-block-grid__product-link\">\n\t\t\t\t\t\n\t\t\t\t\t<div class=\"wc-block-grid__product-image\"><img loading=\"lazy\" decoding=\"async\" width=\"300\" height=\"300\" src=\"https:\/\/second2chance.de\/wp-content\/uploads\/2026\/02\/DT-1089_1-1-300x300.png\" class=\"attachment-woocommerce_thumbnail size-woocommerce_thumbnail\" alt=\"Rohde &amp; Grahl elektrisch h\u00f6henverstellbarer Schreibtisch 160x80 wei\u00df silber\" srcset=\"https:\/\/second2chance.de\/wp-content\/uploads\/2026\/02\/DT-1089_1-1-300x300.png 300w, https:\/\/second2chance.de\/wp-content\/uploads\/2026\/02\/DT-1089_1-1-150x150.png 150w, https:\/\/second2chance.de\/wp-content\/uploads\/2026\/02\/DT-1089_1-1-550x550.png 550w, https:\/\/second2chance.de\/wp-content\/uploads\/2026\/02\/DT-1089_1-1-1100x1100.png 1100w, https:\/\/second2chance.de\/wp-content\/uploads\/2026\/02\/DT-1089_1-1-100x100.png 100w\" sizes=\"auto, (max-width: 300px) 100vw, 300px\" \/><\/div>\n\t\t\t\t\t<div class=\"wc-block-grid__product-title\">Rohde &amp; Grahl elektrisch h\u00f6henverstellbarer Schreibtisch 160&#215;80 wei\u00df silber<\/div>\n\t\t\t\t<\/a>\n\t\t\t\t<div class=\"wc-block-grid__product-price price\"><span class=\"woocommerce-Price-amount amount\">499,00&nbsp;<span class=\"woocommerce-Price-currencySymbol\">&euro;<\/span><\/span><\/div>\n\t\t\t\t\n\t\t\t\t<div class=\"wp-block-button wc-block-grid__product-add-to-cart\"><a href=\"https:\/\/second2chance.de\/?product=rohde-grahl-elektrisch-hoehenverstellbarer-schreibtisch-160x80-weiss-silber\" aria-label=\"Lese mehr \u00fcber &#8222;Rohde &amp; Grahl elektrisch h\u00f6henverstellbarer Schreibtisch 160x80 wei\u00df silber&#8220;\" data-quantity=\"1\" data-product_id=\"5328\" data-product_sku=\"DT-1089\" data-price=\"499\" rel=\"nofollow\" class=\"wp-block-button__link  add_to_cart_button\">Weiterlesen<\/a><\/div>\n\t\t\t<\/li><li class=\"wc-block-grid__product\">\n\t\t\t\t<a href=\"https:\/\/second2chance.de\/?product=lintex-edge-whiteboard-200-x-120-cm-rahmenlos-magnetisch-gebraucht\" class=\"wc-block-grid__product-link\">\n\t\t\t\t\t\n\t\t\t\t\t<div class=\"wc-block-grid__product-image\"><img loading=\"lazy\" decoding=\"async\" width=\"300\" height=\"300\" src=\"https:\/\/second2chance.de\/wp-content\/uploads\/2026\/02\/DT-1088_1-300x300.png\" class=\"attachment-woocommerce_thumbnail size-woocommerce_thumbnail\" alt=\"Lintex Edge Whiteboard 200 x 120 cm rahmenlos magnetisch gebraucht\" srcset=\"https:\/\/second2chance.de\/wp-content\/uploads\/2026\/02\/DT-1088_1-300x300.png 300w, https:\/\/second2chance.de\/wp-content\/uploads\/2026\/02\/DT-1088_1-150x150.png 150w, https:\/\/second2chance.de\/wp-content\/uploads\/2026\/02\/DT-1088_1-550x550.png 550w, https:\/\/second2chance.de\/wp-content\/uploads\/2026\/02\/DT-1088_1-1100x1100.png 1100w, https:\/\/second2chance.de\/wp-content\/uploads\/2026\/02\/DT-1088_1-100x100.png 100w\" sizes=\"auto, (max-width: 300px) 100vw, 300px\" \/><\/div>\n\t\t\t\t\t<div class=\"wc-block-grid__product-title\">Lintex Edge Whiteboard 200 x 120 cm rahmenlos magnetisch gebraucht<\/div>\n\t\t\t\t<\/a>\n\t\t\t\t<div class=\"wc-block-grid__product-price price\"><span class=\"woocommerce-Price-amount amount\">199,00&nbsp;<span class=\"woocommerce-Price-currencySymbol\">&euro;<\/span><\/span><\/div>\n\t\t\t\t\n\t\t\t\t<div class=\"wp-block-button wc-block-grid__product-add-to-cart\"><a href=\"https:\/\/second2chance.de\/?product=lintex-edge-whiteboard-200-x-120-cm-rahmenlos-magnetisch-gebraucht\" aria-label=\"Lese mehr \u00fcber &#8222;Lintex Edge Whiteboard 200 x 120 cm rahmenlos magnetisch gebraucht&#8220;\" data-quantity=\"1\" data-product_id=\"5327\" data-product_sku=\"DT-1088\" data-price=\"199\" rel=\"nofollow\" class=\"wp-block-button__link  add_to_cart_button\">Weiterlesen<\/a><\/div>\n\t\t\t<\/li><li class=\"wc-block-grid__product\">\n\t\t\t\t<a href=\"https:\/\/second2chance.de\/?product=lintex-border-whiteboard-200-x-120-cm-magnetisch-mit-aluminiumrahmen\" class=\"wc-block-grid__product-link\">\n\t\t\t\t\t\n\t\t\t\t\t<div class=\"wc-block-grid__product-image\"><img loading=\"lazy\" decoding=\"async\" width=\"300\" height=\"300\" src=\"https:\/\/second2chance.de\/wp-content\/uploads\/2026\/02\/DT-1087_1-300x300.png\" class=\"attachment-woocommerce_thumbnail size-woocommerce_thumbnail\" alt=\"Lintex Border Whiteboard 200 x 120 cm magnetisch mit Aluminiumrahmen\" srcset=\"https:\/\/second2chance.de\/wp-content\/uploads\/2026\/02\/DT-1087_1-300x300.png 300w, https:\/\/second2chance.de\/wp-content\/uploads\/2026\/02\/DT-1087_1-150x150.png 150w, https:\/\/second2chance.de\/wp-content\/uploads\/2026\/02\/DT-1087_1-550x550.png 550w, https:\/\/second2chance.de\/wp-content\/uploads\/2026\/02\/DT-1087_1-1100x1100.png 1100w, https:\/\/second2chance.de\/wp-content\/uploads\/2026\/02\/DT-1087_1-100x100.png 100w\" sizes=\"auto, (max-width: 300px) 100vw, 300px\" \/><\/div>\n\t\t\t\t\t<div class=\"wc-block-grid__product-title\">Lintex Border Whiteboard 200 x 120 cm magnetisch mit Aluminiumrahmen<\/div>\n\t\t\t\t<\/a>\n\t\t\t\t<div class=\"wc-block-grid__product-price price\"><span class=\"woocommerce-Price-amount amount\">199,00&nbsp;<span class=\"woocommerce-Price-currencySymbol\">&euro;<\/span><\/span><\/div>\n\t\t\t\t\n\t\t\t\t<div class=\"wp-block-button wc-block-grid__product-add-to-cart\"><a href=\"https:\/\/second2chance.de\/?product=lintex-border-whiteboard-200-x-120-cm-magnetisch-mit-aluminiumrahmen\" aria-label=\"Lese mehr \u00fcber &#8222;Lintex Border Whiteboard 200 x 120 cm magnetisch mit Aluminiumrahmen&#8220;\" data-quantity=\"1\" data-product_id=\"5326\" data-product_sku=\"DT-1087\" data-price=\"199\" rel=\"nofollow\" class=\"wp-block-button__link  add_to_cart_button\">Weiterlesen<\/a><\/div>\n\t\t\t<\/li><li class=\"wc-block-grid__product\">\n\t\t\t\t<a href=\"https:\/\/second2chance.de\/?product=softline-sofa-sitzmodul-modulares-loungeelement-stoff-blau\" class=\"wc-block-grid__product-link\">\n\t\t\t\t\t\n\t\t\t\t\t<div class=\"wc-block-grid__product-image\"><img loading=\"lazy\" decoding=\"async\" width=\"300\" height=\"300\" src=\"https:\/\/second2chance.de\/wp-content\/uploads\/2026\/02\/DT-1086_1-1-300x300.png\" class=\"attachment-woocommerce_thumbnail size-woocommerce_thumbnail\" alt=\"Softline Sofa Sitzmodul | modulares Loungeelement | Stoff blau\" srcset=\"https:\/\/second2chance.de\/wp-content\/uploads\/2026\/02\/DT-1086_1-1-300x300.png 300w, https:\/\/second2chance.de\/wp-content\/uploads\/2026\/02\/DT-1086_1-1-150x150.png 150w, https:\/\/second2chance.de\/wp-content\/uploads\/2026\/02\/DT-1086_1-1-550x550.png 550w, https:\/\/second2chance.de\/wp-content\/uploads\/2026\/02\/DT-1086_1-1-1100x1100.png 1100w, https:\/\/second2chance.de\/wp-content\/uploads\/2026\/02\/DT-1086_1-1-100x100.png 100w\" sizes=\"auto, (max-width: 300px) 100vw, 300px\" \/><\/div>\n\t\t\t\t\t<div class=\"wc-block-grid__product-title\">Softline Sofa Sitzmodul | modulares Loungeelement | Stoff blau<\/div>\n\t\t\t\t<\/a>\n\t\t\t\t<div class=\"wc-block-grid__product-price price\"><span class=\"woocommerce-Price-amount amount\">199,00&nbsp;<span class=\"woocommerce-Price-currencySymbol\">&euro;<\/span><\/span><\/div>\n\t\t\t\t\n\t\t\t\t<div class=\"wp-block-button wc-block-grid__product-add-to-cart\"><a href=\"https:\/\/second2chance.de\/?product=softline-sofa-sitzmodul-modulares-loungeelement-stoff-blau\" aria-label=\"Lese mehr \u00fcber &#8222;Softline Sofa Sitzmodul | modulares Loungeelement | Stoff blau&#8220;\" data-quantity=\"1\" data-product_id=\"5325\" data-product_sku=\"DT-1086\" data-price=\"199\" rel=\"nofollow\" class=\"wp-block-button__link  add_to_cart_button\">Weiterlesen<\/a><\/div>\n\t\t\t<\/li><\/ul><\/div><\/div>\n<\/div>\n","protected":false},"excerpt":{"rendered":"Das interessiert dich vielleicht\u00a0\u2026 Dein Warenkorb ist gerade leer! Neu im Shop","protected":false},"author":1,"featured_media":0,"parent":0,"menu_order":0,"comment_status":"closed","ping_status":"closed","template":"","meta":{"footnotes":""},"class_list":["post-8","page","type-page","status-publish","hentry"],"yoast_head":"<!-- This site is optimized with the Yoast SEO plugin v27.3 - https:\/\/yoast.com\/product\/yoast-seo-wordpress\/ -->\n<title>Warenkorb - Second Chance<\/title>\n<meta name=\"robots\" content=\"index, follow, max-snippet:-1, max-image-preview:large, max-video-preview:-1\" \/>\n<link rel=\"canonical\" href=\"https:\/\/second2chance.de\/?page_id=8\" \/>\n<meta property=\"og:locale\" content=\"de_DE\" \/>\n<meta property=\"og:type\" content=\"article\" \/>\n<meta property=\"og:title\" content=\"Warenkorb - Second Chance\" \/>\n<meta property=\"og:url\" content=\"https:\/\/second2chance.de\/?page_id=8\" \/>\n<meta property=\"og:site_name\" content=\"Second Chance\" \/>\n<meta property=\"article:modified_time\" content=\"2025-04-28T04:12:46+00:00\" \/>\n<meta property=\"og:image\" content=\"https:\/\/second2chance.de\/wp-content\/uploads\/2025\/04\/logo_default.png\" \/>\n\t<meta property=\"og:image:width\" content=\"500\" \/>\n\t<meta property=\"og:image:height\" content=\"500\" \/>\n\t<meta property=\"og:image:type\" content=\"image\/png\" \/>\n<meta name=\"twitter:card\" content=\"summary_large_image\" \/>\n<script type=\"application\/ld+json\" class=\"yoast-schema-graph\">{\"@context\":\"https:\\\/\\\/schema.org\",\"@graph\":[{\"@type\":\"WebPage\",\"@id\":\"https:\\\/\\\/second2chance.de\\\/?page_id=8\",\"url\":\"https:\\\/\\\/second2chance.de\\\/?page_id=8\",\"name\":\"Warenkorb - Second Chance\",\"isPartOf\":{\"@id\":\"https:\\\/\\\/second2chance.de\\\/#website\"},\"datePublished\":\"2025-04-23T17:41:30+00:00\",\"dateModified\":\"2025-04-28T04:12:46+00:00\",\"breadcrumb\":{\"@id\":\"https:\\\/\\\/second2chance.de\\\/?page_id=8#breadcrumb\"},\"inLanguage\":\"de\",\"potentialAction\":[{\"@type\":\"ReadAction\",\"target\":[\"https:\\\/\\\/second2chance.de\\\/?page_id=8\"]}]},{\"@type\":\"BreadcrumbList\",\"@id\":\"https:\\\/\\\/second2chance.de\\\/?page_id=8#breadcrumb\",\"itemListElement\":[{\"@type\":\"ListItem\",\"position\":1,\"name\":\"Startseite\",\"item\":\"https:\\\/\\\/second2chance.de\\\/\"},{\"@type\":\"ListItem\",\"position\":2,\"name\":\"Warenkorb\"}]},{\"@type\":\"WebSite\",\"@id\":\"https:\\\/\\\/second2chance.de\\\/#website\",\"url\":\"https:\\\/\\\/second2chance.de\\\/\",\"name\":\"Second Chance\",\"description\":\"\",\"potentialAction\":[{\"@type\":\"SearchAction\",\"target\":{\"@type\":\"EntryPoint\",\"urlTemplate\":\"https:\\\/\\\/second2chance.de\\\/?s={search_term_string}\"},\"query-input\":{\"@type\":\"PropertyValueSpecification\",\"valueRequired\":true,\"valueName\":\"search_term_string\"}}],\"inLanguage\":\"de\"}]}<\/script>\n<!-- \/ Yoast SEO plugin. -->","yoast_head_json":{"title":"Warenkorb - Second Chance","robots":{"index":"index","follow":"follow","max-snippet":"max-snippet:-1","max-image-preview":"max-image-preview:large","max-video-preview":"max-video-preview:-1"},"canonical":"https:\/\/second2chance.de\/?page_id=8","og_locale":"de_DE","og_type":"article","og_title":"Warenkorb - Second Chance","og_url":"https:\/\/second2chance.de\/?page_id=8","og_site_name":"Second Chance","article_modified_time":"2025-04-28T04:12:46+00:00","og_image":[{"width":500,"height":500,"url":"https:\/\/second2chance.de\/wp-content\/uploads\/2025\/04\/logo_default.png","type":"image\/png"}],"twitter_card":"summary_large_image","schema":{"@context":"https:\/\/schema.org","@graph":[{"@type":"WebPage","@id":"https:\/\/second2chance.de\/?page_id=8","url":"https:\/\/second2chance.de\/?page_id=8","name":"Warenkorb - Second Chance","isPartOf":{"@id":"https:\/\/second2chance.de\/#website"},"datePublished":"2025-04-23T17:41:30+00:00","dateModified":"2025-04-28T04:12:46+00:00","breadcrumb":{"@id":"https:\/\/second2chance.de\/?page_id=8#breadcrumb"},"inLanguage":"de","potentialAction":[{"@type":"ReadAction","target":["https:\/\/second2chance.de\/?page_id=8"]}]},{"@type":"BreadcrumbList","@id":"https:\/\/second2chance.de\/?page_id=8#breadcrumb","itemListElement":[{"@type":"ListItem","position":1,"name":"Startseite","item":"https:\/\/second2chance.de\/"},{"@type":"ListItem","position":2,"name":"Warenkorb"}]},{"@type":"WebSite","@id":"https:\/\/second2chance.de\/#website","url":"https:\/\/second2chance.de\/","name":"Second Chance","description":"","potentialAction":[{"@type":"SearchAction","target":{"@type":"EntryPoint","urlTemplate":"https:\/\/second2chance.de\/?s={search_term_string}"},"query-input":{"@type":"PropertyValueSpecification","valueRequired":true,"valueName":"search_term_string"}}],"inLanguage":"de"}]}},"_links":{"self":[{"href":"https:\/\/second2chance.de\/index.php?rest_route=\/wp\/v2\/pages\/8","targetHints":{"allow":["GET"]}}],"collection":[{"href":"https:\/\/second2chance.de\/index.php?rest_route=\/wp\/v2\/pages"}],"about":[{"href":"https:\/\/second2chance.de\/index.php?rest_route=\/wp\/v2\/types\/page"}],"author":[{"embeddable":true,"href":"https:\/\/second2chance.de\/index.php?rest_route=\/wp\/v2\/users\/1"}],"replies":[{"embeddable":true,"href":"https:\/\/second2chance.de\/index.php?rest_route=%2Fwp%2Fv2%2Fcomments&post=8"}],"version-history":[{"count":1,"href":"https:\/\/second2chance.de\/index.php?rest_route=\/wp\/v2\/pages\/8\/revisions"}],"predecessor-version":[{"id":3029,"href":"https:\/\/second2chance.de\/index.php?rest_route=\/wp\/v2\/pages\/8\/revisions\/3029"}],"wp:attachment":[{"href":"https:\/\/second2chance.de\/index.php?rest_route=%2Fwp%2Fv2%2Fmedia&parent=8"}],"curies":[{"name":"wp","href":"https:\/\/api.w.org\/{rel}","templated":true}]}}